 Calculate m(r).
-1
Let q be 1 + -6*2/(-6). Suppose 0 = -3*f - 4*n - 1, q*f - 2*n = -7*n + 1. Let j(v) = -v**2 - 5*v - 2. Give j(f).
4
Let w be (-13)/(26/(-128)) - 2. Let x(g) = -127*g + 4 + 67*g + w*g. Suppose -2*k - 12 = k. Determine x(k).
-4
Let h be (5/(-10))/(1/16). Let p be ((-4)/h - 0)*0. Suppose -6*k - 6 - 30 = p. Let t(g) = -g**2 - 5*g + 6. Give t(k).
0
Let l = -47689 + 47689. Let k(s) be the second derivative of s**5/20 + s**3/6 - 15*s**2/2 + s. Calculate k(l).
-15
Let c(n) be the second derivative of -7*n**4/12 - n**3/2 - n**2/2 - 4*n - 54. Let w(p) = p**3 - 1. Let h be w(-1). Determine c(h).
-23
Let v(l) = -l**3 + 27*l**2 - 51*l + 18. Let h be 1120/50 + 24/(-60) - -3. Determine v(h).
-7
Let n(g) = -3*g + 52. Suppose -c - 31 = -2*j, -5*c = 2*j - 2 - 35. Determine n(j).
4
Suppose 4*k + 8 = 4*y, 2*k = 4*k + y - 8. Suppose -k*z - 12 = z. Let t(p) be the third derivative of -p**5/60 - p**4/6 + 5*p**3/6 + 665*p**2 - 1. Give t(z).
5
Let y(h) = 5*h**2 + 55*h + 7. Suppose 67*c - 32*c = 18*c - 170. Determine y(c).
-43
Suppose -g + 2 = g. Suppose 20*i - 24*i = 8. Let b = i - g. Let d(z) = -z**2 - 3*z - 3. Determine d(b).
-3
Let n(y) = 2*y**2 + y. Let r be (-6)/((-4 - -2)*1). Suppose 0 = 5*o + 4*v - 115 + 142, -r = -4*o + 5*v. Determine n(o).
15
Suppose 0 = 23*m - 24*m + 7. Let i(a) = 3 - 3*a - 3*a**2 - 7 + m*a**2 - 3*a**2. Let f be (5/1)/(3 + -2). Calculate i(f).
6
Let h(l) = 9*l**2 - 564*l - 27. Let i(g) = -4*g**2 + 215*g + 14. Let j(u) = 2*h(u) + 5*i(u). Give j(-27).
-11
Let j(a) be the second derivative of -a**5/20 + 65*a**4/12 - 61*a**3/3 - 257*a**2/2 + 8169*a. Determine j(63).
-5
Let w(q) = -q**2 + 9*q + 11. Suppose -2 = 3*a + 4*c, -3*a + 9 = -c + 16. What is w(a)?
-11
Let k(i) = -29*i**3 - 27*i**2 - 14*i - 32. Let y(p) = 31*p**3 + 27*p**2 + 13*p + 34. Let r(n) = -17*k(n) - 16*y(n). Calculate r(10).
0
Suppose 0 = -4*l + n, 890*l = 894*l + 2*n - 24. Let d(m) = -m**3 + m**2 + 3*m - 5. What is d(l)?
-3
Let o(v) = -v - 3. Let j be (-506)/(-33) - 1/3. Suppose 10 + 4 = -y - 3*k, 5*y - 2*k - j = 0. Suppose 0 = -4*l + q + 19, 4*l - 4*q = -9*q + y. What is o(l)?
-7
Let z(f) = -18*f**2 - 23*f - 14. Let b(r) = -6*r**2 - 8*r - 5. Let y(q) = 17*b(q) - 6*z(q). Let j(g) = 18*g - 35. Let m be j(2). Calculate y(m).
7
Let t(r) = -r**2 + r + 5. Let h be 1 - 4/(-2) - 72/((-3888)/(-270)). Determine t(h).
-1
Let h(a) = -2*a**2 + 3*a**2 + 2 - 2*a + a. Suppose -3*y - w = -10, 5*y = -5*w + 10 + 10. Let f be y/(-9)*0/(-34). Determine h(f).
2
Suppose 4*g - 5*n = 280, 5*g - 13*n - 383 = -15*n. Let h = g - 72. Let z(j) be the second derivative of j**4/6 + j**3/6 - 4*j. Determine z(h).
21
Let o = -3 - -4. Let s = -10 + 12. Let p(v) = v + s + 6*v - 1 - 6*v. What is p(o)?
2
Let t(j) = 143*j**2 - 8*j**3 - 81*j**2 - 58*j**2 + 2*j**3 - 3*j - 6*j**3. Calculate t(1).
-11
Let b(o) = -2*o - 12. Let h(d) = -6*d - 39. Let r(x) = -7*b(x) + 2*h(x). Suppose 24 = 27*c - 23*c. What is r(c)?
18
Let f(m) = 0*m + 10 + 2*m + 3*m + 0*m - 6*m. Let i be 3*(1 + (-8)/(-3)). What is f(i)?
-1
Suppose 76*a - 327*a - 1337 = 420. Let b(r) = -r**3 - 8*r**2 - 9*r - 8. Give b(a).
6
Suppose 0 = 6*n - 30 - 18. Let h(m) = 7*m**3 + 10*m**2 - 20*m - 2. Let f(a) = 11*a**3 + 15*a**2 - 30*a - 3. Let d(t) = n*h(t) - 5*f(t). Give d(-7).
-29
Let y be (-64*(-4)/(-40))/((-2)/(-10)). Let c be y/16*(-10)/(-4). Let p(r) = r**2 + 4*r + 7. Calculate p(c).
12
Suppose 0 = 4*f + 2*u - 352, -7*u = 2*f - 11*u - 186. Suppose 4*b - o + f - 63 = 0, 4*b = -o - 22. Let z(r) = -r**3 - 6*r**2 + r + 1. Determine z(b).
-5
Let r be 1107/(-17) - (-17)/((-1734)/(-12)). Let u = -64 - r. Let v(p) = 4*p. Calculate v(u).
4
Suppose 6*b - b = 5*u + 285, -5*u = 3*b + 285. Let y = u - -65. Suppose 2*o + y = 6. Let v(p) = 6*p**3 + p**2 + 2*p + 1. What is v(o)?
-6
Suppose -5*b = 4*p + 7, 6 = -26*p + 25*p + 3*b. Let a(o) be the third derivative of -o**6/120 - o**5/15 - o**4/8 + 2*o**2. What is a(p)?
0
Let i(q) = -66*q - 4028. Let r be i(-61). Let d(n) = -3*n**3 - 4*n**2 + 4*n + 7. Give d(r).
7
Let o(b) = -b**3 - 3*b**2 + 2*b + 8. Let m be o(-3). Let w(u) = 5*u**2 - 9*u**2 + u**m - u - 1. Give w(2).
-15
Suppose -6*o - 56 = -14*o. Let k(s) be the first derivative of -1/4*s**4 + 10*s - 11 + 9/2*s**2 + 2*s**3. Determine k(o).
24
Let t(f) be the third derivative of 0 + 0*f - 82*f**2 + 5/12*f**4 + 0*f**3. What is t(-1)?
-10
Let n(y) be the second derivative of -7/6*y**3 - 67*y + 0 + 6*y**2 + 1/12*y**4. Determine n(5).
2
Let u(n) = -3*n**2 + n**2 + 16 - 11*n + 56*n**2 - 100*n + n**3 + 40. Give u(-56).
0
Let m(u) = -390*u - 1174. Let p be m(-3). Let q(x) = x**2 - 12*x - 77. What is q(p)?
-13
Let b(c) = c**2 - 19*c + 42. Suppose 2*s - 100 = -6*i + 2*i, 3*s + 70 = 4*i. Calculate b(i).
108
Let d(f) = f**2 - 8*f - 12. Let u = 37 - 36. Let w be (u - -1)/(16/88). Determine d(w).
21
Let i(o) = 2*o**2 + 4*o - 3. Let s be i(1). Let z be 12/s - (0 + 4). Let l(y) = z - 4 + y**2 + 0. Give l(3).
5
Suppose -1233 = 1714*s - 1851*s. Let c(v) = -v**2 + 30*v - 12. Determine c(s).
177
Let p(u) = u**3 - 9*u**2 + u + 7. Let b be (-35 + 33)*(-1)/((-6)/15) + 13. Give p(b).
-49
Let a(n) = -2*n + 9*n + 1 + 2*n. Suppose -4*v + 3*j + 3 = -3, -5*j = v + 10. Suppose -81*u + 84*u - 3 = v. Give a(u).
10
Let b(s) = -5*s**2 + 4*s + 8. Let t(p) = -p**2 + 1. Let q(j) = b(j) - 6*t(j). Suppose 2*l + 14 = -2*a + 6*l, 0 = -a + l - 6. What is q(a)?
7
Let l(p) be the third derivative of p**8/960 - 23*p**4/3 - 41*p**2 + 2*p. Let i(a) be the second derivative of l(a). Give i(1).
7
Let l(b) = -b**3 + 3*b**2 - 3*b - 2. Let h(z) = 7*z + 0 + 7 + z - 6. Let w be h(1). Let r = -6 + w. Calculate l(r).
-11
Let t(g) be the third derivative of -g**6/10 - g**5/12 + g**4/4 - g**3/3 + 642*g**2. What is t(2)?
-106
Let p(b) = -3*b + 11*b**2 - 9416516*b**3 + 0*b - 46 + 9416517*b**3 - 13*b. Give p(-12).
2
Let k(q) = 13819 + 8*q - 9*q - q**2 - 13804. Give k(4).
-5
Suppose 2*k = -j - 16, -5*k - j + 20 = -7*k. Let a(o) = 4 - 5 - 6*o - 14 - 7*o. Let x(r) = 3*r + 4. Let q(v) = -2*a(v) - 9*x(v). Determine q(k).
3
Let u(s) = -367 + 741 - 370 + 3*s. Let c(v) = -v. Let t(z) = -2*c(z) - u(z). Give t(0).
-4
Suppose 2*k = 238 - 228. Suppose 2*m - 2*f - 14 = 0, -k*f = 5*m - 0 - 5. Let o(w) = -3*w + w**2 + 3*w + 5. Calculate o(m).
21
Let f(l) = -l**3 + 5*l**2 + 10*l - 17. Let z = -1364 - -1370. Determine f(z).
7
Let x(m) be the third derivative of 3*m**4/8 - m**3/6 + m**2. Let t be 1/(-2) - (9 - 145/10). Suppose 0*p = -3*p - 2*q - 2, 26 = t*p - 4*q. Determine x(p).
17
Let q(n) = 4*n - 7. Let m(w) = w**2 + 8*w - 12. Let v be m(-12). Suppose -v = -21*p + 3*p. Give q(p).
1
Suppose -3*n + 12 = 0, 4*g + 4*n = 7*n + 4. Suppose g*t - 9 = -5*r, -2*r + 19 = r - t. Let f(q) = -q + 5. What is f(r)?
0
Let a(s) be the third derivative of 5/12*s**4 + 3 - 27*s**2 + 0*s + 5/3*s**3 + 1/60*s**5. Give a(-10).
10
Let d(q) = -13*q**2 + q + 31. Let t(v) = -v**2 + v + 10. Let i(r) = d(r) - 3*t(r). Suppose 4*n = -0*n + 28. Suppose 10*m = 3*m + n. Determine i(m).
-11
Let x(u) be the third derivative of -u**5/60 - u**4/6 + 31*u**3/6 + 1760*u**2. Determine x(-13).
-86
Let a(y) = 11*y**3 - 26*y**2 - 8*y - 38. Let q(d) = 4*d**3 - 9*d**2 - 3*d - 13. Let p(v) = 3*a(v) - 8*q(v). Calculate p(7).
39
Suppose 0 = -26*h + 15 - 93. Let a(w) = 3*w + 2. Let o(x) = 4*x + 3. Let j(g) = -3*a(g) + 2*o(g). Let c(s) = -8*s + 4. Let n(f) = c(f) - 12*j(f). Give n(h).
-8
Suppose 0*g = 4*g - 20. Let a(k) = -2*k**3 + 23*k**2 + 96*k - 33. Let w be a(14). Let j(z) = 332 + g*z - w - 3*z. Determine j(-9).
-17
Suppose 7*r - o = 12*r - 14, 4*r + 14 = 2*o. Let v(d) = -49*d**2 - 2*d + 1. Calculate v(r).
-50
Let w(x) = 7*x - 4. Suppose 0 = -17*k + 3729 - 3882. Determine w(k).
-67
Let n(b) be the first derivative of b**5/60 - b**4/8 - b**3/6 + 106*b**2 + 211. Let f(y) be the second derivative of n(y). Determine f(-2).
9
Let g(s) be the second derivative of -3/2*s**3 + 0*s**2 - 51*s + 0 + 1/12*s**4. Calculate g(4).
-20
Let s(j) = 2*j + 6. Let n(d) = 7*d - 9. Let v(b) = 9*b - 9. Let y(x) = 6*n(x) - 5*v(x). Let l(g) = -8*s(g) - 5*y(g). What is l(-4)?
1
Let s = 452 + -447. Let b(n) = 3*n - 7. Let q(j) = 4*j - 6. Let p(h) = 2*b(h) - 3*q(h). Calculate p(s).
-26
Let z(f) be the first derivative of -f**4/4 + 11*f**3/3 - 9*f**2/2 - 11*f - 2. Let r(j) = 5*j**2 + 122*j - 17. Let n be r(-11)